{"id":7,"date":"2015-01-07T21:00:58","date_gmt":"2015-01-07T19:00:58","guid":{"rendered":"http:\/\/www.pielisenampujat.net\/?page_id=7"},"modified":"2025-07-15T11:44:50","modified_gmt":"2025-07-15T08:44:50","slug":"ilma-ase-rata","status":"publish","type":"page","link":"https:\/\/www.pielisenampujat.net\/?page_id=7","title":{"rendered":"Ilma-aserata"},"content":{"rendered":"<p><span style=\"font-size: 14px;\"><span style=\"font-family: verdana,geneva,sans-serif;\">Seuran uusi ilma-aserata avattiin syksyll\u00e4 2013.&nbsp;Harjoituskausi alkaa syksyll\u00e4 ja p\u00e4\u00e4ttyy&nbsp;kev\u00e4\u00e4ll\u00e4&nbsp;jolloin siirrymme Tainion ulkoradoille. Seuralla on useita ilmakiv\u00e4\u00e4rej\u00e4 ja &#8211; pistooleja, joten omaa asetta ei tarvitse v\u00e4ltt\u00e4m\u00e4tt\u00e4 hankkia. My\u00f6s kuulosuojaimia on saatavilla. Ilma-aseradalla on buffetti. Radalla&nbsp;on myynniss\u00e4 edullisesti tauluja ja luoteja.<br>Rata sopii hyvin my\u00f6s esim. ty\u00f6porukoiden virkistystapahtumien pitopaikaksi (kts. alla esite).<\/span><\/span><\/p>\r\n<p><span style=\"font-size: 14px;\"><span style=\"font-family: verdana,geneva,sans-serif;\">Ilmakiv\u00e4\u00e4rin ja -pistoolin yhteyshenkil\u00f6t:<\/span><\/span><\/p>\r\n<ul>\r\n<li>Rauno Vornanen p. 040-1265950 (tapahtumat)<\/li>\r\n<li>Raimo H\u00e4m\u00e4l\u00e4inen p. 040-516 5406 (nuoriso) ilt. ja viikonlop.<\/li>\r\n<li>Jiri \u00c5ke p. 040-509 6835 (ilmakiv.)<\/li>\r\n<li>Jari Eskelinen p. 0400-408 047 (ilmapist.) ilt.<\/li>\r\n<li>Marika Hyv\u00e4rinen <a href=\"mailto:marika.hyvarinen@gmail.com\" target=\"_blank\" rel=\"noopener noreferrer\">marika.hyvarinen@gmail.com<\/a>&nbsp; tai Hannele Lihavainen p. 050-588 2784 (naiset)<\/li>\r\n<\/ul>\r\n<p><a href=\"https:\/\/www.pielisenampujat.net\/wp-content\/uploads\/2018\/12\/Ammuntakokeilu_esite_Ilmaaseet_27112018.pdf\" target=\"_blank\" rel=\"noopener noreferrer\">Esite ammuntatapahtumasta ja -kokeilusta<\/a><\/p>\r\n<p><span style=\"font-size: 12px;\"><span style=\"font-family: verdana,geneva,sans-serif;\"><a href=\"https:\/\/www.pielisenampujat.net\/wp-content\/uploads\/2014\/03\/JARJESTYSS\u00c4\u00c4NN\u00d6T_-Ilma-aserata.pdf\" target=\"_blank\" rel=\"noopener noreferrer\">Ilma-aseradan j\u00e4rjestyss\u00e4\u00e4nn\u00f6t<\/a><\/span><\/span><br><span style=\"font-size: 12px;\"><span style=\"font-family: verdana,geneva,sans-serif;\"><span style=\"font-size: 12px;\"><span style=\"font-family: verdana,geneva,sans-serif;\"><span style=\"font-size: 12px;\"><span style=\"font-family: verdana,geneva,sans-serif;\"><a href=\"http:\/\/www.infokartta.fi\/infogis-lieksa\/index.php?link=dQ8G1BlxgE\" target=\"_blank\" rel=\"noopener noreferrer\">Ilma-aseradan sijainti<\/a><\/span><\/span><\/span><\/span><\/span><\/span><\/p>\r\n\r\n<p>&nbsp;<\/p>\r\n","protected":false},"excerpt":{"rendered":"<p>Seuran uusi ilma-aserata avattiin syksyll\u00e4 2013.&nbsp;Harjoituskausi alkaa syksyll\u00e4 ja p\u00e4\u00e4ttyy&nbsp;kev\u00e4\u00e4ll\u00e4&nbsp;jolloin siirrymme Tainion ulkoradoille. Seuralla on useita ilmakiv\u00e4\u00e4rej\u00e4 ja &#8211; pistooleja, joten omaa asetta ei tarvitse v\u00e4ltt\u00e4m\u00e4tt\u00e4 hankkia. My\u00f6s kuulosuojaimia on saatavilla. Ilma-aseradalla on buffetti. Radalla&nbsp;on myynniss\u00e4 edullisesti tauluja ja luoteja.Rata<\/p>\n","protected":false},"author":1,"featured_media":124,"parent":5,"menu_order":1,"comment_status":"closed","ping_status":"closed","template":"","meta":{"ngg_post_thumbnail":0,"footnotes":""},"class_list":["post-7","page","type-page","status-publish","has-post-thumbnail","hentry"],"_links":{"self":[{"href":"https:\/\/www.pielisenampujat.net\/index.php?rest_route=\/wp\/v2\/pages\/7","targetHints":{"allow":["GET"]}}],"collection":[{"href":"https:\/\/www.pielisenampujat.net\/index.php?rest_route=\/wp\/v2\/pages"}],"about":[{"href":"https:\/\/www.pielisenampujat.net\/index.php?rest_route=\/wp\/v2\/types\/page"}],"author":[{"embeddable":true,"href":"https:\/\/www.pielisenampujat.net\/index.php?rest_route=\/wp\/v2\/users\/1"}],"replies":[{"embeddable":true,"href":"https:\/\/www.pielisenampujat.net\/index.php?rest_route=%2Fwp%2Fv2%2Fcomments&post=7"}],"version-history":[{"count":45,"href":"https:\/\/www.pielisenampujat.net\/index.php?rest_route=\/wp\/v2\/pages\/7\/revisions"}],"predecessor-version":[{"id":5877,"href":"https:\/\/www.pielisenampujat.net\/index.php?rest_route=\/wp\/v2\/pages\/7\/revisions\/5877"}],"up":[{"embeddable":true,"href":"https:\/\/www.pielisenampujat.net\/index.php?rest_route=\/wp\/v2\/pages\/5"}],"wp:featuredmedia":[{"embeddable":true,"href":"https:\/\/www.pielisenampujat.net\/index.php?rest_route=\/wp\/v2\/media\/124"}],"wp:attachment":[{"href":"https:\/\/www.pielisenampujat.net\/index.php?rest_route=%2Fwp%2Fv2%2Fmedia&parent=7"}],"curies":[{"name":"wp","href":"https:\/\/api.w.org\/{rel}","templated":true}]}}

<p><span style="font-size: 14px;"><span style="font-family: verdana,geneva,sans-serif;">Seuran uusi ilma-aserata avattiin syksyllä 2013.&nbsp;Harjoituskausi alkaa syksyllä ja päättyy&nbsp;keväällä&nbsp;jolloin siirrymme Tainion ulkoradoille. Seuralla on useita ilmakiväärejä ja &#8211; pistooleja, joten omaa asetta ei tarvitse välttämättä hankkia. Myös kuulosuojaimia on saatavilla. Ilma-aseradalla on buffetti. Radalla&nbsp;on myynnissä edullisesti tauluja ja luoteja.<br>Rata sopii hyvin myös esim. työporukoiden virkistystapahtumien pitopaikaksi (kts. alla esite).</span></span></p>
<p><span style="font-size: 14px;"><span style="font-family: verdana,geneva,sans-serif;">Ilmakiväärin ja -pistoolin yhteyshenkilöt:</span></span></p>
<ul>
<li>Rauno Vornanen p. 040-1265950 (tapahtumat)</li>
<li>Raimo Hämäläinen p. 040-516 5406 (nuoriso) ilt. ja viikonlop.</li>
<li>Jiri Åke p. 040-509 6835 (ilmakiv.)</li>
<li>Jari Eskelinen p. 0400-408 047 (ilmapist.) ilt.</li>
<li>Marika Hyvärinen <a href="mailto:marika.hyvarinen@gmail.com" target="_blank" rel="noopener noreferrer">marika.hyvarinen@gmail.com</a>&nbsp; tai Hannele Lihavainen p. 050-588 2784 (naiset)</li>
</ul>
<p><a href="https://www.pielisenampujat.net/wp-content/uploads/2018/12/Ammuntakokeilu_esite_Ilmaaseet_27112018.pdf" target="_blank" rel="noopener noreferrer">Esite ammuntatapahtumasta ja -kokeilusta</a></p>
<p><span style="font-size: 12px;"><span style="font-family: verdana,geneva,sans-serif;"><a href="https://www.pielisenampujat.net/wp-content/uploads/2014/03/JARJESTYSSÄÄNNÖT_-Ilma-aserata.pdf" target="_blank" rel="noopener noreferrer">Ilma-aseradan järjestyssäännöt</a></span></span><br><span style="font-size: 12px;"><span style="font-family: verdana,geneva,sans-serif;"><span style="font-size: 12px;"><span style="font-family: verdana,geneva,sans-serif;"><span style="font-size: 12px;"><span style="font-family: verdana,geneva,sans-serif;"><a href="http://www.infokartta.fi/infogis-lieksa/index.php?link=dQ8G1BlxgE" target="_blank" rel="noopener noreferrer">Ilma-aseradan sijainti</a></span></span></span></span></span></span></p>

<p>&nbsp;</p>

<p>Seuran uusi ilma-aserata avattiin syksyllä 2013.&nbsp;Harjoituskausi alkaa syksyllä ja päättyy&nbsp;keväällä&nbsp;jolloin siirrymme Tainion ulkoradoille. Seuralla on useita ilmakiväärejä ja &#8211; pistooleja, joten omaa asetta ei tarvitse välttämättä hankkia. Myös kuulosuojaimia on saatavilla. Ilma-aseradalla on buffetti. Radalla&nbsp;on myynnissä edullisesti tauluja ja luoteja.Rata</p>
