{"id":4822,"date":"2023-04-06T15:58:59","date_gmt":"2023-04-06T12:58:59","guid":{"rendered":"http:\/\/www.pielisenampujat.net\/?page_id=4822"},"modified":"2024-12-12T21:49:04","modified_gmt":"2024-12-12T19:49:04","slug":"tainionvaaran-ampumaurheilukeskus-ampumaratakartta","status":"publish","type":"page","link":"https:\/\/www.pielisenampujat.net\/?page_id=4822","title":{"rendered":"Tainionvaaran Ampumaurheilukeskus Ampumaratakartta"},"content":{"rendered":"<p><img loading=\"lazy\" decoding=\"async\" class=\"alignnone size-medium wp-image-4826\" src=\"https:\/\/www.pielisenampujat.net\/wp-content\/uploads\/2023\/04\/ampumaratakartta-168x240.jpg\" alt=\"\" width=\"168\" height=\"240\" srcset=\"https:\/\/www.pielisenampujat.net\/wp-content\/uploads\/2023\/04\/ampumaratakartta-168x240.jpg 168w, https:\/\/www.pielisenampujat.net\/wp-content\/uploads\/2023\/04\/ampumaratakartta-561x800.jpg 561w, https:\/\/www.pielisenampujat.net\/wp-content\/uploads\/2023\/04\/ampumaratakartta-768x1095.jpg 768w, https:\/\/www.pielisenampujat.net\/wp-content\/uploads\/2023\/04\/ampumaratakartta-1077x1536.jpg 1077w, https:\/\/www.pielisenampujat.net\/wp-content\/uploads\/2023\/04\/ampumaratakartta.jpg 1165w\" sizes=\"auto, (max-width: 168px) 100vw, 168px\" \/><a href=\"https:\/\/www.pielisenampujat.net\/wp-content\/uploads\/2023\/04\/Ampumaratakartta_euref2015_UUSIN1.pdf\">Ampumaratakartta&nbsp; pdf<\/a><\/p>\n<p>&nbsp;<\/p>\n<h2>&nbsp; PIELISEN AMPUJAT RY&nbsp; &nbsp;&nbsp;&nbsp;&nbsp;&nbsp;&nbsp;&nbsp;&nbsp;&nbsp;&nbsp;&nbsp;&nbsp;&nbsp;&nbsp;&nbsp;&nbsp;&nbsp;&nbsp;&nbsp;&nbsp;&nbsp; &nbsp;&nbsp;&nbsp;&nbsp;&nbsp;&nbsp;&nbsp;&nbsp;&nbsp;&nbsp;&nbsp;&nbsp;&nbsp;&nbsp;&nbsp;&nbsp;&nbsp;&nbsp;&nbsp;&nbsp;&nbsp;&nbsp;&nbsp;&nbsp;&nbsp;&nbsp;&nbsp;&nbsp;&nbsp;&nbsp;&nbsp;&nbsp;&nbsp;&nbsp;&nbsp;&nbsp;&nbsp;&nbsp;&nbsp;&nbsp;&nbsp;&nbsp;&nbsp;&nbsp;&nbsp;&nbsp;&nbsp;&nbsp;&nbsp;&nbsp;&nbsp;<\/h2>\n<p><strong>&nbsp; <\/strong><strong>TAINIONVAARAN URHEILUAMPUMAKESKUKSEN<\/strong><\/p>\n<p><strong>&nbsp;<\/strong><\/p>\n<p><strong>&nbsp;&nbsp;&nbsp;&nbsp;&nbsp;&nbsp;&nbsp;&nbsp;&nbsp;&nbsp;&nbsp;&nbsp;&nbsp;&nbsp;&nbsp;&nbsp;&nbsp;&nbsp;&nbsp;&nbsp;&nbsp;&nbsp;&nbsp;&nbsp;&nbsp;&nbsp;&nbsp;&nbsp;&nbsp;&nbsp;&nbsp;&nbsp;&nbsp;&nbsp;&nbsp;&nbsp;&nbsp;&nbsp;&nbsp;&nbsp;&nbsp;&nbsp;&nbsp;&nbsp;&nbsp;&nbsp;&nbsp;&nbsp;&nbsp;&nbsp;&nbsp;&nbsp;&nbsp;&nbsp;&nbsp;&nbsp;&nbsp;&nbsp;&nbsp;&nbsp;&nbsp;&nbsp;&nbsp;&nbsp; <\/strong><strong>J\u00c4RJESTYSS\u00c4\u00c4NN\u00d6T<\/strong><\/p>\n<p><strong>&nbsp;<\/strong><\/p>\n<p><strong>&nbsp;<\/strong><\/p>\n<p><strong>&nbsp;&nbsp;&nbsp;&nbsp;&nbsp;&nbsp;&nbsp;&nbsp;&nbsp;&nbsp;&nbsp;&nbsp;&nbsp;&nbsp;&nbsp;&nbsp;&nbsp;&nbsp;&nbsp;&nbsp;&nbsp;&nbsp;&nbsp;&nbsp;&nbsp;&nbsp;&nbsp;&nbsp;&nbsp;&nbsp;&nbsp;&nbsp;&nbsp;&nbsp;&nbsp;&nbsp;&nbsp;&nbsp;&nbsp;&nbsp;&nbsp;&nbsp;&nbsp;&nbsp;&nbsp;&nbsp;&nbsp;&nbsp;&nbsp;&nbsp;&nbsp;&nbsp;&nbsp;&nbsp;&nbsp;&nbsp;&nbsp;&nbsp;&nbsp;&nbsp;&nbsp;&nbsp;&nbsp;&nbsp; <\/strong><strong>31.7.2013 muutettu 12.12.2024<\/strong><\/p>\n<p><strong>&nbsp;<\/strong><\/p>\n<p><strong>Tervetuloa Pielisen Ampujat ry:n Tainionvaaran Urheiluampumakeskukseen!<\/strong><\/p>\n<p>&nbsp;<\/p>\n<p>&nbsp;<\/p>\n<ol>\n<li>Jokaisen ampujan ja muutoin rata-alueella olevan on noudatettava niit\u00e4 ohjeita ja m\u00e4\u00e4r\u00e4yksi\u00e4, joita radan k\u00e4yt\u00f6st\u00e4 ja siell\u00e4 oleskelusta on annettu tai annetaan sek\u00e4 huolehdittava siit\u00e4, ett\u00e4 ei tuota vahinkoa radalle, toisille radalla liikkuville eik\u00e4 vaaranna yleist\u00e4 turvallisuutta taikka aiheuta h\u00e4iri\u00f6it\u00e4.<\/li>\n<\/ol>\n<p>&nbsp;<\/p>\n<ol start=\"2\">\n<li>Yleisest\u00e4 j\u00e4rjestyksest\u00e4 radalla huolehtii ensisijassa radan pit\u00e4j\u00e4n hyv\u00e4ksym\u00e4t tai m\u00e4\u00e4r\u00e4\u00e4m\u00e4t valvojat. Valvojien antamia ohjeita ampumapaikkojen k\u00e4yt\u00f6st\u00e4 ja vuorottelusta sek\u00e4 yleisest\u00e4 k\u00e4ytt\u00e4ytymisest\u00e4 on noudatettava. Valvojilla on oikeus kysy\u00e4 oikeutta ampua radoilla (ratakortti).<\/li>\n<\/ol>\n<p>&nbsp;<\/p>\n<ol start=\"3\">\n<li>Ampumaradalla saavat ulkopuolella varsinaisten kilpailujen harrastaa urheiluammuntaa Pielisen Ampujat ry:n j\u00e4senet ja muut yksityiset henkil\u00f6t sek\u00e4 yhdistykset, joille radan pit\u00e4j\u00e4 on antanut tai antaa luvan.<\/li>\n<\/ol>\n<p>&nbsp;<\/p>\n<ol start=\"4\">\n<li>Kilpailuun ja harjoitukseen (enemm\u00e4n kuin yksi ampuja) on aina m\u00e4\u00e4r\u00e4tt\u00e4v\u00e4 valvoja, joka on ensisijaisessa vastuussa johdettaviensa tarkoituksenmukaisesta ja moitteettomasta k\u00e4ytt\u00e4ytymisest\u00e4 ampumaradalla.<\/li>\n<\/ol>\n<p>&nbsp;<\/p>\n<ol start=\"5\">\n<li>Radalla saa ampua vain ampumapaikalla ja sellaisella aseilla ja patruunatyypeill\u00e4, mille asianomainen erityisrata on tarkoitettu. Ratalaitteisiin tahallisesti ammuttu laukaus on kielletty, jonka aiheuttaman vahingon ampuja on velvollinen korvaamaan.<\/li>\n<\/ol>\n<p>&nbsp;<\/p>\n<ol start=\"6\">\n<li>Aseen saa ladata vain ampumapaikalla ja rata-alueella liikuttaessa ase on aina pidett\u00e4v\u00e4 lataamattomana, lukko avattuna tai ase taitettuna tai mahdollisuuksien mukaan kuljetuskoteloon sijoitettuna ,<strong> pois lukien viranomaisten ammunnat jotka toteutetaan viranomaisten pysyv\u00e4isasiakirjojen mukaan.<\/strong><\/li>\n<li>Ampumapaikalla on ase pidett\u00e4v\u00e4 aina suunnattuna ampumasuuntaan.<\/li>\n<\/ol>\n<p>&nbsp;<\/p>\n<ol start=\"8\">\n<li>Asetta ei saa k\u00e4sitell\u00e4 silloin, kun ampumapaikan etupuolella on henkil\u00f6it\u00e4.<\/li>\n<\/ol>\n<p>&nbsp;<\/p>\n<ol start=\"9\">\n<li>Radan teknillisi\u00e4 laitteita on lupa asentaa, muuntaa tai huoltaa vain niill\u00e4 henkil\u00f6ill\u00e4, jotka radan pit\u00e4j\u00e4 on siihen m\u00e4\u00e4r\u00e4nnyt tai oikeuttanut.<\/li>\n<\/ol>\n<p>&nbsp;<\/p>\n<ol start=\"10\">\n<li>Yleis\u00f6, joka seuraa kilpailuja tai harjoituksia rata-alueella voi liikkua esteett\u00e4 yleis\u00f6lle varatuilla alueilla ja paikoilla. Ratojen kulissoiduille tai muuten merkityille vaara-alueille meneminen on kaikilta kielletty, jollei siihen ole annettu erityist\u00e4 lupaa.<\/li>\n<\/ol>\n<p>&nbsp;<\/p>\n<ol start=\"11\">\n<li>Radoilla on k\u00e4ytett\u00e4v\u00e4 sek\u00e4 kuulosuojaimia ett\u00e4 suojalaseja ammunnan aikana.<\/li>\n<\/ol>\n<p>&nbsp;<\/p>\n<ol start=\"12\">\n<li>Asiattomien oleskelu ja liikkuminen ampumarata-alueella on kielletty.<\/li>\n<\/ol>\n<p>&nbsp;<\/p>\n<p>&nbsp;&nbsp;&nbsp;&nbsp;&nbsp;&nbsp;&nbsp;&nbsp;&nbsp;&nbsp;&nbsp;&nbsp;&nbsp;&nbsp;&nbsp;&nbsp;&nbsp;&nbsp;&nbsp;&nbsp;&nbsp; <strong>TURVALLISUUDEN TAKEENA ON S\u00c4\u00c4NT\u00d6JEN NOUDATTAMINEN<\/strong><\/p>\n<p>&nbsp;<\/p>\n<p>&nbsp;&nbsp;&nbsp;&nbsp;&nbsp;&nbsp;&nbsp;&nbsp;&nbsp;&nbsp;&nbsp;&nbsp;&nbsp; <strong>TERVETULOA PIELISEN AMPUJAT RY:N &nbsp;RADOILLE<\/strong><\/p>\n<p><strong>&nbsp;<\/strong><\/p>\n<p><strong>&nbsp;<\/strong><\/p>\n<p><strong>PIELISEN AMPUJAT RY&nbsp;&nbsp;&nbsp;&nbsp;&nbsp; <\/strong><\/p>\n<p><strong>&nbsp;<\/strong><\/p>\n<p><strong>&nbsp;<\/strong><\/p>\n<p><strong>&nbsp;&nbsp;&nbsp;&nbsp;&nbsp;&nbsp;&nbsp;&nbsp;&nbsp;&nbsp;&nbsp;&nbsp;&nbsp;&nbsp;&nbsp;&nbsp;&nbsp;&nbsp;&nbsp;&nbsp;&nbsp;&nbsp;&nbsp;&nbsp;&nbsp;&nbsp;&nbsp;&nbsp;&nbsp;&nbsp;&nbsp;&nbsp;&nbsp;&nbsp;&nbsp;&nbsp;&nbsp;&nbsp;&nbsp;&nbsp;&nbsp;&nbsp;&nbsp;&nbsp;&nbsp;&nbsp;&nbsp;&nbsp;&nbsp;&nbsp;&nbsp;&nbsp;&nbsp;&nbsp;&nbsp;&nbsp;&nbsp;&nbsp;&nbsp;&nbsp;&nbsp;&nbsp;&nbsp;&nbsp; <\/strong><strong>31.7.2013<\/strong><\/p>\n<p><strong>&nbsp;<\/strong><\/p>\n<p><strong>TOIMINTA AMPUMARADALLA<\/strong><\/p>\n<p><strong>&nbsp;<\/strong><\/p>\n<p><strong><em>&nbsp;&nbsp;&nbsp;&nbsp;&nbsp;&nbsp;&nbsp;&nbsp;&nbsp;&nbsp;&nbsp;&nbsp;&nbsp;&nbsp;&nbsp;&nbsp;&nbsp; <\/em><\/strong><strong><em>Saapuessasi radalle:<\/em><\/strong><\/p>\n<ul>\n<li>merkitse nimesi ratap\u00e4iv\u00e4kirjaan<\/li>\n<li>tutustu ratakohtaisiin erikoism\u00e4\u00e4r\u00e4yksiin<\/li>\n<li>totea ampumapaikan kunto<\/li>\n<li>maksa ratamaksu ja taulumaksut<\/li>\n<li>huolla aseesi sit\u00e4 varten varatussa paikassa ja siirry ampumapaikalle<\/li>\n<li>tarkasta, ettei vaara-alueella ole ket\u00e4\u00e4n<\/li>\n<li>tutustu laitteiden k\u00e4ytt\u00f6ohjeisiin<\/li>\n<li>suojaa kuulosi ja n\u00e4k\u00f6si ammunnan aikana<\/li>\n<li>suorita ampumisesi hyv\u00e4\u00e4 ratakuria ja j\u00e4rjestyst\u00e4 noudattaen<\/li>\n<li>tarkista ase ammunnan p\u00e4\u00e4ttymisen j\u00e4lkeen<\/li>\n<li>huomioi muiden ampuminen<\/li>\n<\/ul>\n<p><strong><em>&nbsp;<\/em><\/strong><\/p>\n<p><strong><em>&nbsp;&nbsp;&nbsp;&nbsp;&nbsp;&nbsp;&nbsp;&nbsp;&nbsp;&nbsp;&nbsp;&nbsp;&nbsp;&nbsp;&nbsp;&nbsp;&nbsp; <\/em><\/strong><strong><em>Poistuessasi ampumapaikalta<\/em><\/strong><strong><em>:<\/em><\/strong><\/p>\n<ul>\n<li>varmistu siit\u00e4, ett\u00e4 aseesi on lataamaton<\/li>\n<li>kokoa v\u00e4lineesi, k\u00e4ytetyt taulut, tyhj\u00e4t patruunakotelot, hylsyt ja muut<\/li>\n<\/ul>\n<p>&nbsp;&nbsp;&nbsp;&nbsp;&nbsp;&nbsp;&nbsp;&nbsp;&nbsp;&nbsp;&nbsp;&nbsp;&nbsp;&nbsp;&nbsp;&nbsp;&nbsp;&nbsp;&nbsp;&nbsp;&nbsp;&nbsp;&nbsp;&nbsp;&nbsp;&nbsp;&nbsp;&nbsp;&nbsp;&nbsp;&nbsp;&nbsp;&nbsp;&nbsp;&nbsp; &nbsp; &nbsp;roskat sek\u00e4 sijoita ne niille varattuun paikkaan<\/p>\n<ul>\n<li>lajittele j\u00e4tteet<\/li>\n<li>paikkaa useampaa k\u00e4ytt\u00f6\u00e4 varten tarkoitetut taulut ja sijoita ne niille<\/li>\n<\/ul>\n<p>&nbsp;&nbsp;&nbsp;&nbsp;&nbsp;&nbsp;&nbsp;&nbsp;&nbsp;&nbsp;&nbsp;&nbsp;&nbsp;&nbsp;&nbsp;&nbsp;&nbsp;&nbsp;&nbsp;&nbsp;&nbsp;&nbsp;&nbsp;&nbsp;&nbsp;&nbsp;&nbsp;&nbsp;&nbsp;&nbsp;&nbsp;&nbsp;&nbsp;&nbsp;&nbsp; &nbsp; varattuun paikkaan<\/p>\n<ul>\n<li>huolehdi muutenkin siit\u00e4, ett\u00e4 rata j\u00e4\u00e4 j\u00e4ljilt\u00e4si siistiin ja moitteettomaan kuntoon. N\u00e4in edist\u00e4t omaasi ja tovereittesi viihtyisyytt\u00e4 radalla.<\/li>\n<li>lukitse mit\u00e4 olet avannut<\/li>\n<li>sammuta tarpeettomat virrat<\/li>\n<li>tarkkaile, huomauta ja ilmoita mahdollisesta asiattomasta toiminnasta<\/li>\n<\/ul>\n<p>&nbsp;&nbsp;&nbsp;&nbsp;&nbsp;&nbsp;&nbsp;&nbsp;&nbsp;&nbsp;&nbsp;&nbsp;&nbsp;&nbsp;&nbsp;&nbsp;&nbsp;&nbsp;&nbsp;&nbsp;&nbsp;&nbsp;&nbsp;&nbsp;&nbsp;&nbsp;&nbsp;&nbsp;&nbsp;&nbsp;&nbsp;&nbsp;&nbsp;&nbsp;&nbsp; &nbsp; ampumaradalla<\/p>\n<ul>\n<li>ilmoita laitevioista ja ongelmista ampumaradan ratavastaavalle<\/li>\n<li>merkitse nimesi kohdalle radalta poistumisaika<\/li>\n<\/ul>\n<p>&nbsp;<\/p>\n<p><strong>Jos havaitset radalla rikkonaisen ratalaitteen tai muun ep\u00e4tavallisen tai virheellisen seikan, ilmoita siit\u00e4 v\u00e4litt\u00f6m\u00e4sti ratavastaavalle.<\/strong><\/p>\n<p><strong>&nbsp;<\/strong><\/p>\n<p><strong>N\u00e4iden ohjeiden rikkoja voidaan valvojan toimesta poistaa rata-alueelta ja m\u00e4\u00e4r\u00e4t\u00e4 korvaamaan aiheuttamansa vahinko. Rangaistusseuraamuksen laiminly\u00f6j\u00e4 voidaan m\u00e4\u00e4r\u00e4t\u00e4 Pielisen Ampujat ry:n hallituksen p\u00e4\u00e4t\u00f6ksell\u00e4 menett\u00e4m\u00e4\u00e4n yhdistyksen j\u00e4senoikeutensa. Mik\u00e4li h\u00e4n ei ole Pielisen Ampujat ry:n j\u00e4sen, h\u00e4net voidaan m\u00e4\u00e4r\u00e4t\u00e4 menett\u00e4m\u00e4\u00e4n oikeutensa rata-alueelle p\u00e4\u00e4syyn.<\/strong><\/p>\n<p><strong>&nbsp;<\/strong><\/p>\n<p><strong>TURVALLISUUDEN TAKEENA ON S\u00c4\u00c4NT\u00d6JEN NOUDATTAMINEN!<\/strong><\/p>\n","protected":false},"excerpt":{"rendered":"<p>Ampumaratakartta&nbsp; pdf &nbsp; &nbsp; PIELISEN AMPUJAT RY&nbsp; &nbsp;&nbsp;&nbsp;&nbsp;&nbsp;&nbsp;&nbsp;&nbsp;&nbsp;&nbsp;&nbsp;&nbsp;&nbsp;&nbsp;&nbsp;&nbsp;&nbsp;&nbsp;&nbsp;&nbsp;&nbsp; &nbsp;&nbsp;&nbsp;&nbsp;&nbsp;&nbsp;&nbsp;&nbsp;&nbsp;&nbsp;&nbsp;&nbsp;&nbsp;&nbsp;&nbsp;&nbsp;&nbsp;&nbsp;&nbsp;&nbsp;&nbsp;&nbsp;&nbsp;&nbsp;&nbsp;&nbsp;&nbsp;&nbsp;&nbsp;&nbsp;&nbsp;&nbsp;&nbsp;&nbsp;&nbsp;&nbsp;&nbsp;&nbsp;&nbsp;&nbsp;&nbsp;&nbsp;&nbsp;&nbsp;&nbsp;&nbsp;&nbsp;&nbsp;&nbsp;&nbsp;&nbsp; &nbsp; TAINIONVAARAN URHEILUAMPUMAKESKUKSEN &nbsp; &nbsp;&nbsp;&nbsp;&nbsp;&nbsp;&nbsp;&nbsp;&nbsp;&nbsp;&nbsp;&nbsp;&nbsp;&nbsp;&nbsp;&nbsp;&nbsp;&nbsp;&nbsp;&nbsp;&nbsp;&nbsp;&nbsp;&nbsp;&nbsp;&nbsp;&nbsp;&nbsp;&nbsp;&nbsp;&nbsp;&nbsp;&nbsp;&nbsp;&nbsp;&nbsp;&nbsp;&nbsp;&nbsp;&nbsp;&nbsp;&nbsp;&nbsp;&nbsp;&nbsp;&nbsp;&nbsp;&nbsp;&nbsp;&nbsp;&nbsp;&nbsp;&nbsp;&nbsp;&nbsp;&nbsp;&nbsp;&nbsp;&nbsp;&nbsp;&nbsp;&nbsp;&nbsp;&nbsp;&nbsp; J\u00c4RJESTYSS\u00c4\u00c4NN\u00d6T &nbsp; &nbsp; &nbsp;&nbsp;&nbsp;&nbsp;&nbsp;&nbsp;&nbsp;&nbsp;&nbsp;&nbsp;&nbsp;&nbsp;&nbsp;&nbsp;&nbsp;&nbsp;&nbsp;&nbsp;&nbsp;&nbsp;&nbsp;&nbsp;&nbsp;&nbsp;&nbsp;&nbsp;&nbsp;&nbsp;&nbsp;&nbsp;&nbsp;&nbsp;&nbsp;&nbsp;&nbsp;&nbsp;&nbsp;&nbsp;&nbsp;&nbsp;&nbsp;&nbsp;&nbsp;&nbsp;&nbsp;&nbsp;&nbsp;&nbsp;&nbsp;&nbsp;&nbsp;&nbsp;&nbsp;&nbsp;&nbsp;&nbsp;&nbsp;&nbsp;&nbsp;&nbsp;&nbsp;&nbsp;&nbsp;&nbsp; 31.7.2013 muutettu 12.12.2024 &nbsp; Tervetuloa Pielisen Ampujat ry:n Tainionvaaran Urheiluampumakeskukseen! &nbsp; &nbsp; Jokaisen ampujan ja muutoin rata-alueella olevan on noudatettava niit\u00e4 ohjeita<\/p>\n","protected":false},"author":1,"featured_media":0,"parent":0,"menu_order":0,"comment_status":"closed","ping_status":"closed","template":"","meta":{"ngg_post_thumbnail":0,"footnotes":""},"class_list":["post-4822","page","type-page","status-publish","hentry"],"_links":{"self":[{"href":"https:\/\/www.pielisenampujat.net\/index.php?rest_route=\/wp\/v2\/pages\/4822","targetHints":{"allow":["GET"]}}],"collection":[{"href":"https:\/\/www.pielisenampujat.net\/index.php?rest_route=\/wp\/v2\/pages"}],"about":[{"href":"https:\/\/www.pielisenampujat.net\/index.php?rest_route=\/wp\/v2\/types\/page"}],"author":[{"embeddable":true,"href":"https:\/\/www.pielisenampujat.net\/index.php?rest_route=\/wp\/v2\/users\/1"}],"replies":[{"embeddable":true,"href":"https:\/\/www.pielisenampujat.net\/index.php?rest_route=%2Fwp%2Fv2%2Fcomments&post=4822"}],"version-history":[{"count":5,"href":"https:\/\/www.pielisenampujat.net\/index.php?rest_route=\/wp\/v2\/pages\/4822\/revisions"}],"predecessor-version":[{"id":5622,"href":"https:\/\/www.pielisenampujat.net\/index.php?rest_route=\/wp\/v2\/pages\/4822\/revisions\/5622"}],"wp:attachment":[{"href":"https:\/\/www.pielisenampujat.net\/index.php?rest_route=%2Fwp%2Fv2%2Fmedia&parent=4822"}],"curies":[{"name":"wp","href":"https:\/\/api.w.org\/{rel}","templated":true}]}}