{"id":3673,"date":"2019-05-26T13:15:16","date_gmt":"2019-05-26T10:15:16","guid":{"rendered":"http:\/\/www.pielisenampujat.net\/?page_id=3673"},"modified":"2019-09-26T09:11:28","modified_gmt":"2019-09-26T06:11:28","slug":"2019-2","status":"publish","type":"page","link":"https:\/\/www.pielisenampujat.net\/?page_id=3673","title":{"rendered":"2019"},"content":{"rendered":"<p>Practicalin vuoden 2019 kisat<br \/>\npdf. sivut avautuvat omassa v\u00e4lilehdess\u00e4.<\/p>\n<h3><strong>Toukokuu<\/strong><\/h3>\n<p><a href=\"https:\/\/www.pielisenampujat.net\/wp-content\/uploads\/2019\/05\/viikkokisa_220519_stage.pdf\" target=\"_blank\" rel=\"noopener noreferrer\">22.5.2019 Viikkokisa staget<\/a><br \/>\n<a href=\"https:\/\/www.pielisenampujat.net\/wp-content\/uploads\/2019\/05\/viikkokisa_220519_over.pdf\" target=\"_blank\" rel=\"noopener noreferrer\">22.5.2019 Viikkokisa over<\/a><\/p>\n<p><a href=\"https:\/\/www.pielisenampujat.net\/wp-content\/uploads\/2019\/06\/viikkokisa_290519_stage.pdf\" target=\"_blank\" rel=\"noopener noreferrer\">29.5.2019 Viikkokisa staget<\/a><br \/>\n<a href=\"https:\/\/www.pielisenampujat.net\/wp-content\/uploads\/2019\/06\/viikkokisa_290519_over.pdf\" target=\"_blank\" rel=\"noopener noreferrer\">29.5.2019 Viikkokisa over<\/a><\/p>\n<h3>Kes\u00e4kuu<\/h3>\n<p><a href=\"https:\/\/www.pielisenampujat.net\/wp-content\/uploads\/2019\/06\/kuukausikisa_050619_stage.pdf\" target=\"_blank\" rel=\"noopener noreferrer\">5.6.2019 Kuukausikisa staget<\/a><br \/>\n<a href=\"https:\/\/www.pielisenampujat.net\/wp-content\/uploads\/2019\/06\/kuukausikisa_050619_over.pdf\" target=\"_blank\" rel=\"noopener noreferrer\">5.6.2019 Kuukausikisa over<\/a><\/p>\n<p><a href=\"https:\/\/www.pielisenampujat.net\/wp-content\/uploads\/2019\/06\/haulikko_kesakuu_stage.pdf\" target=\"_blank\" rel=\"noopener noreferrer\">6.6.2019 Haulikko kuukausikisa staget<\/a><br \/>\n<a href=\"https:\/\/www.pielisenampujat.net\/wp-content\/uploads\/2019\/06\/haulikko_kesakuu_over.pdf\" target=\"_blank\" rel=\"noopener noreferrer\">6.6.2019 Haulikko kuukausikisa over<\/a><\/p>\n<p><a href=\"https:\/\/www.pielisenampujat.net\/wp-content\/uploads\/2019\/06\/viikkokisa_120619_stage.pdf\" target=\"_blank\" rel=\"noopener noreferrer\">12.6.2019 Viikkokisa staget<\/a><br \/>\n<a href=\"https:\/\/www.pielisenampujat.net\/wp-content\/uploads\/2019\/06\/viikkokisa_120619_over.pdf\" target=\"_blank\" rel=\"noopener noreferrer\">12.6.2019 Viikkokisa over<\/a><\/p>\n<p><a href=\"https:\/\/www.pielisenampujat.net\/wp-content\/uploads\/2019\/06\/viikkokisa_190619_stage.pdf\" target=\"_blank\" rel=\"noopener noreferrer\">19.6.2019 Viikkokisa staget<\/a><br \/>\n<a href=\"https:\/\/www.pielisenampujat.net\/wp-content\/uploads\/2019\/06\/viikkokisa_190619_over.pdf\" target=\"_blank\" rel=\"noopener noreferrer\">19.6.2019 Viikkokisa over<\/a><\/p>\n<p><a href=\"https:\/\/www.pielisenampujat.net\/wp-content\/uploads\/2019\/06\/viikkokisa_260619_stage.pdf\" target=\"_blank\" rel=\"noopener noreferrer\">26.6.2019 Viikkokisa staget<\/a><br \/>\n<a href=\"https:\/\/www.pielisenampujat.net\/wp-content\/uploads\/2019\/06\/viikkokisa_260619_over.pdf\" target=\"_blank\" rel=\"noopener noreferrer\">26.6.2019 Viikkokisa over<\/a><\/p>\n<p><a href=\"https:\/\/www.pielisenampujat.net\/wp-content\/uploads\/2019\/07\/nordictattoo_300619_stage.pdf\" target=\"_blank\" rel=\"noopener noreferrer\">30.6.2019 Nordic Tattoo kisa staget<\/a><br \/>\n<a href=\"https:\/\/www.pielisenampujat.net\/wp-content\/uploads\/2019\/07\/nodictattoo_300619_over.pdf\" target=\"_blank\" rel=\"noopener noreferrer\">30.6.2019 Nordic Tattoo kisa over<\/a><\/p>\n<h3>Hein\u00e4kuu<\/h3>\n<p><a href=\"https:\/\/www.pielisenampujat.net\/wp-content\/uploads\/2019\/07\/kuukausikisa_030719_stage.pdf\" target=\"_blank\" rel=\"noopener noreferrer\">3.7.2019 Kuukausikisa staget<\/a><br \/>\n<a href=\"https:\/\/www.pielisenampujat.net\/wp-content\/uploads\/2019\/07\/kuukausikisa_030719_over.pdf\" target=\"_blank\" rel=\"noopener noreferrer\">3.7.2019 Kuukausikisa over<\/a><\/p>\n<p><a href=\"https:\/\/www.pielisenampujat.net\/wp-content\/uploads\/2019\/07\/haulikko_hein\u00e4kuu_stage.pdf\" target=\"_blank\" rel=\"noopener noreferrer\">4.7.2019 Haulikko kuukausikisa staget<\/a><br \/>\n<a href=\"https:\/\/www.pielisenampujat.net\/wp-content\/uploads\/2019\/07\/haulikko_hein\u00e4kuu_over.pdf\" target=\"_blank\" rel=\"noopener noreferrer\">4.7.2019 Haulikko kuukausikisa over<\/a><\/p>\n<p><a href=\"https:\/\/www.pielisenampujat.net\/wp-content\/uploads\/2019\/07\/viikkokisa_100719_stage.pdf\" target=\"_blank\" rel=\"noopener noreferrer\">10.7.2019 Viikkokisa stage<\/a><br \/>\n<a href=\"https:\/\/www.pielisenampujat.net\/wp-content\/uploads\/2019\/07\/viikkokisa_100719_over.pdf\" target=\"_blank\" rel=\"noopener noreferrer\">10.7.2019 Viikkokisa over<\/a><\/p>\n<p><a href=\"https:\/\/www.pielisenampujat.net\/wp-content\/uploads\/2019\/07\/viikkokisa_170719_stage.pdf\" target=\"_blank\" rel=\"noopener noreferrer\">17.7.2019 Viikkokisa stage<\/a><br \/>\n<a href=\"https:\/\/www.pielisenampujat.net\/wp-content\/uploads\/2019\/07\/viikkokisa_170719_over.pdf\" target=\"_blank\" rel=\"noopener noreferrer\">17.7.2019 Viikkokisa over<\/a><\/p>\n<p><a href=\"https:\/\/www.pielisenampujat.net\/wp-content\/uploads\/2019\/07\/viikkokisa_240719_stage.pdf\" target=\"_blank\" rel=\"noopener noreferrer\">24.7.2019 Viikkokisa stage<\/a><br \/>\n<a href=\"https:\/\/www.pielisenampujat.net\/wp-content\/uploads\/2019\/07\/viikkokisa_240719_over.pdf\" target=\"_blank\" rel=\"noopener noreferrer\">24.7.2019 Viikkokisa over<\/a><\/p>\n<p><a href=\"https:\/\/www.pielisenampujat.net\/wp-content\/uploads\/2019\/08\/viikkokisa_310719_stage.pdf\" target=\"_blank\" rel=\"noopener noreferrer\">31.7.2019 Viikkokisa stage<\/a><br \/>\n<a href=\"https:\/\/www.pielisenampujat.net\/wp-content\/uploads\/2019\/08\/viikkokisa_310719_over.pdf\" target=\"_blank\" rel=\"noopener noreferrer\">31.7.2019 Viikkokisa over<\/a><\/p>\n<h3>Elokuu<\/h3>\n<p><a href=\"https:\/\/www.pielisenampujat.net\/wp-content\/uploads\/2019\/08\/haulikko_elokuu_stage.pdf\" target=\"_blank\" rel=\"noopener noreferrer\">1.8.2019 Haulikko kuukausikisa staget<\/a><br \/>\n<a href=\"https:\/\/www.pielisenampujat.net\/wp-content\/uploads\/2019\/08\/haulikko_elokuu_over.pdf\" target=\"_blank\" rel=\"noopener noreferrer\">1.8.2019 Haulikko kuukausikisa over<\/a><\/p>\n<p><a href=\"https:\/\/www.pielisenampujat.net\/wp-content\/uploads\/2019\/08\/kuukausikisa_070819_stage.pdf\" target=\"_blank\" rel=\"noopener noreferrer\">7.8.2019 Kuukausikisa stage<\/a><br \/>\n<a href=\"https:\/\/www.pielisenampujat.net\/wp-content\/uploads\/2019\/08\/kuukausikisa_070819_over.pdf\" target=\"_blank\" rel=\"noopener noreferrer\">7.8.2019 Kuukausikisa over<\/a><\/p>\n<p><a href=\"https:\/\/www.pielisenampujat.net\/wp-content\/uploads\/2019\/08\/rajanase_140819_stage.pdf\" target=\"_blank\" rel=\"noopener noreferrer\">14.8.2019 Rajan Ase kisa staget<\/a><br \/>\n<a href=\"https:\/\/www.pielisenampujat.net\/wp-content\/uploads\/2019\/08\/rajanase_140819_over.pdf\" target=\"_blank\" rel=\"noopener noreferrer\">14.8.2019 Rajan Ase kisa over<\/a><\/p>\n<p><a href=\"https:\/\/www.pielisenampujat.net\/wp-content\/uploads\/2019\/08\/viikkokisa_210819_stage.pdf\" target=\"_blank\" rel=\"noopener noreferrer\">21.8.2019 Viikkokisa staget<\/a><br \/>\n<a href=\"https:\/\/www.pielisenampujat.net\/wp-content\/uploads\/2019\/08\/viikkokisa_210819_over.pdf\" target=\"_blank\" rel=\"noopener noreferrer\">21.8.2019 Viikkokisa over<\/a><\/p>\n<p><a href=\"https:\/\/www.pielisenampujat.net\/wp-content\/uploads\/2019\/09\/viikkokisa_280819_stage.pdf\" target=\"_blank\" rel=\"noopener noreferrer\">28.8.2019 Viikkokisa staget<\/a><br \/>\n<a href=\"https:\/\/www.pielisenampujat.net\/wp-content\/uploads\/2019\/09\/viikkokisa_280819_over.pdf\" target=\"_blank\" rel=\"noopener noreferrer\">28.8.2019 Viikkokisa over<\/a><\/p>\n<h3>Syyskuu<\/h3>\n<p><a href=\"https:\/\/www.pielisenampujat.net\/wp-content\/uploads\/2019\/09\/kuukausikisa_040919_stage.pdf\" target=\"_blank\" rel=\"noopener noreferrer\">4.9.2019 Kuukausikisa staget<\/a><br \/>\n<a href=\"https:\/\/www.pielisenampujat.net\/wp-content\/uploads\/2019\/09\/kuukausikisa_040919_over.pdf\" target=\"_blank\" rel=\"noopener noreferrer\">4.9.2019 Kuukausikisa over<\/a><\/p>\n<p><a href=\"https:\/\/www.pielisenampujat.net\/wp-content\/uploads\/2019\/09\/seuranmestaruus_2019_stage.pdf\" target=\"_blank\" rel=\"noopener noreferrer\">8.9.2019 Seuranmestaruus 2019 staget<\/a><br \/>\n<a href=\"https:\/\/www.pielisenampujat.net\/wp-content\/uploads\/2019\/09\/seuranmestaruus_2019_over.pdf\" target=\"_blank\" rel=\"noopener noreferrer\">8.9.2019 Seuranmestaruus 2019 over<\/a><\/p>\n<p><a href=\"https:\/\/www.pielisenampujat.net\/wp-content\/uploads\/2019\/09\/viikkokisa_110919_stage.pdf\" target=\"_blank\" rel=\"noopener noreferrer\">11.9.2019 Viikkokisa stage<\/a><br \/>\n<a href=\"https:\/\/www.pielisenampujat.net\/wp-content\/uploads\/2019\/09\/viikkokisa_110919_over.pdf\" target=\"_blank\" rel=\"noopener noreferrer\">11.9.2019 Viikkokisa over<\/a><\/p>\n<p><a href=\"https:\/\/www.pielisenampujat.net\/wp-content\/uploads\/2019\/09\/haulikkokuukausikisa_syyskuu.pdf\" target=\"_blank\" rel=\"noopener noreferrer\">12.9.2019 Haulikko kuukausikisa<\/a><\/p>\n<p>18.9.2019 Ei kisoja<\/p>\n<p><a href=\"https:\/\/www.pielisenampujat.net\/wp-content\/uploads\/2019\/09\/viikkokisa_250919_stage.pdf\" target=\"_blank\" rel=\"noopener noreferrer\">25.9.2019 Viikkokisa staget<\/a><br \/>\n<a href=\"https:\/\/www.pielisenampujat.net\/wp-content\/uploads\/2019\/09\/viikkokisa_250919_over.pdf\" target=\"_blank\" rel=\"noopener noreferrer\">25.9.2019 Viikkokisa over<\/a><\/p>\n<p>T\u00e4h\u00e4n p\u00e4\u00e4ttyi t\u00e4m\u00e4n kauden kisat. Kiitos kaikille osallistuneille.<\/p>\n<p>&nbsp;<\/p>\n<p>&nbsp;<\/p>\n<p>&nbsp;<\/p>\n<p>&nbsp;<\/p>\n<p>&nbsp;<\/p>\n","protected":false},"excerpt":{"rendered":"<p>Practicalin vuoden 2019 kisat pdf. sivut avautuvat omassa v\u00e4lilehdess\u00e4. Toukokuu 22.5.2019 Viikkokisa staget 22.5.2019 Viikkokisa over 29.5.2019 Viikkokisa staget 29.5.2019 Viikkokisa over Kes\u00e4kuu 5.6.2019 Kuukausikisa staget 5.6.2019 Kuukausikisa over 6.6.2019 Haulikko kuukausikisa staget 6.6.2019 Haulikko kuukausikisa over 12.6.2019 Viikkokisa staget<\/p>\n","protected":false},"author":1,"featured_media":0,"parent":1269,"menu_order":0,"comment_status":"closed","ping_status":"closed","template":"","meta":{"ngg_post_thumbnail":0,"footnotes":""},"class_list":["post-3673","page","type-page","status-publish","hentry"],"_links":{"self":[{"href":"https:\/\/www.pielisenampujat.net\/index.php?rest_route=\/wp\/v2\/pages\/3673","targetHints":{"allow":["GET"]}}],"collection":[{"href":"https:\/\/www.pielisenampujat.net\/index.php?rest_route=\/wp\/v2\/pages"}],"about":[{"href":"https:\/\/www.pielisenampujat.net\/index.php?rest_route=\/wp\/v2\/types\/page"}],"author":[{"embeddable":true,"href":"https:\/\/www.pielisenampujat.net\/index.php?rest_route=\/wp\/v2\/users\/1"}],"replies":[{"embeddable":true,"href":"https:\/\/www.pielisenampujat.net\/index.php?rest_route=%2Fwp%2Fv2%2Fcomments&post=3673"}],"version-history":[{"count":74,"href":"https:\/\/www.pielisenampujat.net\/index.php?rest_route=\/wp\/v2\/pages\/3673\/revisions"}],"predecessor-version":[{"id":3857,"href":"https:\/\/www.pielisenampujat.net\/index.php?rest_route=\/wp\/v2\/pages\/3673\/revisions\/3857"}],"up":[{"embeddable":true,"href":"https:\/\/www.pielisenampujat.net\/index.php?rest_route=\/wp\/v2\/pages\/1269"}],"wp:attachment":[{"href":"https:\/\/www.pielisenampujat.net\/index.php?rest_route=%2Fwp%2Fv2%2Fmedia&parent=3673"}],"curies":[{"name":"wp","href":"https:\/\/api.w.org\/{rel}","templated":true}]}}