{"id":1438,"date":"2015-04-01T01:53:32","date_gmt":"2015-03-31T22:53:32","guid":{"rendered":"http:\/\/www.pielisenampujat.net\/?page_id=1438"},"modified":"2020-11-04T21:25:33","modified_gmt":"2020-11-04T19:25:33","slug":"lajiesittelyvideot","status":"publish","type":"page","link":"https:\/\/www.pielisenampujat.net\/?page_id=1438","title":{"rendered":"Videoita"},"content":{"rendered":"<p><strong>LAJIESITTELY videoita<\/strong><\/p>\n<p>Alla n\u00e4kyv\u00e4st\u00e4 linkist\u00e4&nbsp;p\u00e4\u00e4set&nbsp;Ampumaharrastusfoorumin&nbsp;youtube kanavalle, josta l\u00f6ytyy varsin kattavasti&nbsp;eri ampumalajien esittely- ja koulutusvideoita.&nbsp;Youtuben kanavasivu avautuu uudelle v\u00e4lilehdelle. Videon katsottuasi p\u00e4\u00e4set parhaiten takaisin kanavalle selaimen (IE)&nbsp;vasemmasta yl\u00e4kulmasta l\u00f6ytyv\u00e4\u00e4 back- n\u00e4pp\u00e4int\u00e4 klikkaamalla. Tai n\u00e4pp\u00e4inyhdistelm\u00e4ll\u00e4 Alt + Nuoli vasemmalle.<\/p>\n<p><a href=\"https:\/\/www.youtube.com\/channel\/UCGwxldWLy3D4hKFrWTIVU5g\/videos\" target=\"_blank\" rel=\"noopener noreferrer\">Videoclipit <\/a>(klikkaa)<\/p>\n<p>&nbsp;<\/p>\n<p><strong>TEKNIIKKA videoita<\/strong><\/p>\n<p><u>Ilmakiv\u00e4\u00e4ri:<br \/>\n<a href=\"https:\/\/www.youtube.com\/watch?v=ku2-izm-N4A\" target=\"_blank\" rel=\"noopener noreferrer\">T\u00e4ht\u00e4yksen linjaus<\/a><br \/>\n<a href=\"https:\/\/www.youtube.com\/watch?v=nvro5ERz3n0\" target=\"_blank\" rel=\"noopener noreferrer\">Kiv\u00e4\u00e4rin kallistuksen vaikutus osumapisteeseen<\/a><br \/>\n<a href=\"https:\/\/www.youtube.com\/watch?v=Pf4Ro6-LdTQ\" target=\"_blank\" rel=\"noopener noreferrer\">Etut\u00e4ht\u00e4imen renkaan koko<\/a><br \/>\n<a href=\"https:\/\/www.youtube.com\/watch?v=7ZWDIkbRWSM\" target=\"_blank\" rel=\"noopener noreferrer\">T\u00e4ht\u00e4\u00e4minen ja laukaisu 1<\/a><br \/>\n<a href=\"https:\/\/www.youtube.com\/watch?v=iR_D3Wp8Riw\" target=\"_blank\" rel=\"noopener noreferrer\">T\u00e4ht\u00e4\u00e4minen ja laukaisu 2<\/a><br \/>\n<a href=\"https:\/\/www.youtube.com\/watch?v=sUQO8XmKPQ8\" target=\"_blank\" rel=\"noopener noreferrer\">Per\u00e4levys\u00e4\u00e4nt\u00f6<\/a>&nbsp; (UUSI)<br \/>\n<\/u><\/p>\n<p><u>Ilmapistooli:<br \/>\n<a href=\"https:\/\/www.youtube.com\/watch?v=2UR_GMHU5L0\" target=\"_blank\" rel=\"noopener noreferrer\">Ammunnan perusteita<\/a><\/u><\/p>\n","protected":false},"excerpt":{"rendered":"<p>LAJIESITTELY videoita Alla n\u00e4kyv\u00e4st\u00e4 linkist\u00e4&nbsp;p\u00e4\u00e4set&nbsp;Ampumaharrastusfoorumin&nbsp;youtube kanavalle, josta l\u00f6ytyy varsin kattavasti&nbsp;eri ampumalajien esittely- ja koulutusvideoita.&nbsp;Youtuben kanavasivu avautuu uudelle v\u00e4lilehdelle. Videon katsottuasi p\u00e4\u00e4set parhaiten takaisin kanavalle selaimen (IE)&nbsp;vasemmasta yl\u00e4kulmasta l\u00f6ytyv\u00e4\u00e4 back- n\u00e4pp\u00e4int\u00e4 klikkaamalla. Tai n\u00e4pp\u00e4inyhdistelm\u00e4ll\u00e4 Alt + Nuoli vasemmalle. Videoclipit (klikkaa) &nbsp;<\/p>\n","protected":false},"author":1,"featured_media":0,"parent":0,"menu_order":19,"comment_status":"closed","ping_status":"closed","template":"","meta":{"ngg_post_thumbnail":0,"footnotes":""},"class_list":["post-1438","page","type-page","status-publish","hentry"],"_links":{"self":[{"href":"https:\/\/www.pielisenampujat.net\/index.php?rest_route=\/wp\/v2\/pages\/1438","targetHints":{"allow":["GET"]}}],"collection":[{"href":"https:\/\/www.pielisenampujat.net\/index.php?rest_route=\/wp\/v2\/pages"}],"about":[{"href":"https:\/\/www.pielisenampujat.net\/index.php?rest_route=\/wp\/v2\/types\/page"}],"author":[{"embeddable":true,"href":"https:\/\/www.pielisenampujat.net\/index.php?rest_route=\/wp\/v2\/users\/1"}],"replies":[{"embeddable":true,"href":"https:\/\/www.pielisenampujat.net\/index.php?rest_route=%2Fwp%2Fv2%2Fcomments&post=1438"}],"version-history":[{"count":21,"href":"https:\/\/www.pielisenampujat.net\/index.php?rest_route=\/wp\/v2\/pages\/1438\/revisions"}],"predecessor-version":[{"id":4198,"href":"https:\/\/www.pielisenampujat.net\/index.php?rest_route=\/wp\/v2\/pages\/1438\/revisions\/4198"}],"wp:attachment":[{"href":"https:\/\/www.pielisenampujat.net\/index.php?rest_route=%2Fwp%2Fv2%2Fmedia&parent=1438"}],"curies":[{"name":"wp","href":"https:\/\/api.w.org\/{rel}","templated":true}]}}